{"id":200,"date":"2018-11-12T22:44:44","date_gmt":"2018-11-12T22:44:44","guid":{"rendered":"https:\/\/naipe7.com.br\/?page_id=200"},"modified":"2019-06-12T16:57:43","modified_gmt":"2019-06-12T16:57:43","slug":"servicos","status":"publish","type":"page","link":"https:\/\/naipe7.com.br\/?page_id=200","title":{"rendered":"Servi\u00e7os"},"content":{"rendered":"<p>[et_pb_section fb_built=&#8221;1&#8243; fullwidth=&#8221;on&#8221; admin_label=&#8221;Header&#8221; _builder_version=&#8221;3.17.2&#8243; background_image=&#8221;https:\/\/naipe7.com.br\/wp-content\/uploads\/2018\/11\/pexels-photo-415945.jpeg&#8221; parallax=&#8221;on&#8221; custom_margin=&#8221;|||&#8221; custom_padding=&#8221;|||&#8221;][et_pb_fullwidth_header title=&#8221;Nossos Servi\u00e7os&#8221; button_one_text=&#8221;Solicitar Or\u00e7amento Online &#8221; button_one_url=&#8221;https:\/\/naipe7.com.br\/orcamento\/&#8221; button_two_url=&#8221;#&#8221; scroll_down_icon_size_last_edited=&#8221;on|phone&#8221; _builder_version=&#8221;3.19.17&#8243; title_font=&#8221;Josefin Sans|700|||||||&#8221; title_text_color=&#8221;#ffffff&#8221; title_font_size=&#8221;50px&#8221; title_font_size_tablet=&#8221;35px&#8221; title_font_size_phone=&#8221;25px&#8221; title_font_size_last_edited=&#8221;on|phone&#8221; title_line_height=&#8221;1.2em&#8221; content_font=&#8221;Quicksand|600|||||||&#8221; content_text_color=&#8221;#ffffff&#8221; content_font_size=&#8221;18px&#8221; content_font_size_tablet=&#8221;16px&#8221; content_font_size_phone=&#8221;14px&#8221; content_font_size_last_edited=&#8221;on|phone&#8221; content_line_height=&#8221;2em&#8221; background_color=&#8221;rgba(255,255,255,0)&#8221; use_background_color_gradient=&#8221;on&#8221; background_color_gradient_start=&#8221;rgba(30,151,232,0.96)&#8221; background_color_gradient_end=&#8221;rgba(30,151,232,0.82)&#8221; background_color_gradient_type=&#8221;radial&#8221; background_color_gradient_direction_radial=&#8221;right&#8221; background_color_gradient_end_position=&#8221;70%&#8221; custom_button_two=&#8221;on&#8221; button_two_text_size=&#8221;18px&#8221; button_two_text_color=&#8221;#ffffff&#8221; button_two_bg_color=&#8221;#557df3&#8243; button_two_border_width=&#8221;10px&#8221; button_two_border_color=&#8221;#557df3&#8243; button_two_border_radius=&#8221;0px&#8221; button_two_font=&#8221;Ubuntu|700|||||||&#8221; custom_button_one=&#8221;on&#8221; button_one_text_size=&#8221;18px&#8221; button_one_text_color=&#8221;#ffffff&#8221; button_one_bg_color=&#8221;#02426c&#8221; button_one_bg_color_gradient_start=&#8221;#f2835a&#8221; button_one_bg_color_gradient_end=&#8221;#fab993&#8243; button_one_bg_color_gradient_direction=&#8221;90deg&#8221; button_one_bg_color_gradient_overlays_image=&#8221;on&#8221; button_one_border_width=&#8221;10px&#8221; button_one_border_color=&#8221;#02426c&#8221; button_one_border_radius=&#8221;0px&#8221; button_one_font=&#8221;Ubuntu|700|||||||&#8221; button_one_text_size_last_edited=&#8221;on|desktop&#8221; background_layout=&#8221;light&#8221; custom_padding=&#8221;6vw||6vw||true&#8221; custom_padding_tablet=&#8221;||||false&#8221; custom_padding_phone=&#8221;3vw||3vw||true&#8221; custom_padding_last_edited=&#8221;on|phone&#8221; animation_style=&#8221;fade&#8221; button_one_border_radius_hover=&#8221;0px&#8221; button_two_border_radius_hover=&#8221;0px&#8221; button_one_text_size__hover_enabled=&#8221;off&#8221; button_two_text_size__hover_enabled=&#8221;off&#8221; button_one_text_color__hover_enabled=&#8221;off&#8221; button_two_text_color__hover_enabled=&#8221;off&#8221; button_one_border_width__hover_enabled=&#8221;off&#8221; button_two_border_width__hover_enabled=&#8221;off&#8221; button_one_border_color__hover_enabled=&#8221;off&#8221; button_two_border_color__hover_enabled=&#8221;off&#8221; button_one_border_radius__hover_enabled=&#8221;on&#8221; button_one_border_radius__hover=&#8221;0px&#8221; button_two_border_radius__hover_enabled=&#8221;on&#8221; button_two_border_radius__hover=&#8221;0px&#8221; button_one_letter_spacing__hover_enabled=&#8221;off&#8221; button_two_letter_spacing__hover_enabled=&#8221;off&#8221; button_one_bg_color__hover_enabled=&#8221;off&#8221; button_two_bg_color__hover_enabled=&#8221;off&#8221;]<\/p>\n<p><span>Conhe\u00e7a os nossos servi\u00e7os, que tem como objetivo, manter o bom funcionamento e preserva\u00e7\u00e3o do meio ambiente. Para que seus clientes possam sempre contar com equipamentos de alta qualidade e performance.<\/span><\/p>\n<p>[\/et_pb_fullwidth_header][\/et_pb_section][et_pb_section fb_built=&#8221;1&#8243; admin_label=&#8221;Services&#8221; _builder_version=&#8221;3.12.2&#8243; custom_padding=&#8221;54px|0px|54px|0px|false|false&#8221;][et_pb_row custom_padding=&#8221;0|0px|0|0px|true|false&#8221; custom_margin=&#8221;||20px|&#8221; make_equal=&#8221;on&#8221; bg_img_2=&#8221;https:\/\/naipe7.com.br\/wp-content\/uploads\/2018\/11\/cleaning-services-12.jpg&#8221; padding_top_bottom_link_1=&#8221;true&#8221; padding_left_right_link_1=&#8221;true&#8221; padding_top_1=&#8221;60px&#8221; padding_right_1=&#8221;5%&#8221; padding_bottom_1=&#8221;60px&#8221; padding_left_1=&#8221;5%&#8221; padding_1_tablet=&#8221;0%||0%||true&#8221; padding_1_phone=&#8221;0%||0%|&#8221; padding_1_last_edited=&#8221;off|desktop&#8221; _builder_version=&#8221;3.17.2&#8243; background_color=&#8221;#ffffff&#8221; background_color_gradient_direction=&#8221;90deg&#8221; border_radii=&#8221;on|5px|5px|5px|5px&#8221; border_width_all=&#8221;2px&#8221; border_color_all=&#8221;#02426c&#8221; box_shadow_style=&#8221;preset4&#8243; box_shadow_horizontal=&#8221;15px&#8221; box_shadow_vertical=&#8221;20px&#8221; box_shadow_color=&#8221;rgba(48,106,255,0.09)&#8221; animation_style=&#8221;slide&#8221; animation_direction=&#8221;left&#8221; animation_intensity_slide=&#8221;2%&#8221; box_shadow_color__hover_enabled=&#8221;on&#8221; box_shadow_color__hover=&#8221;rgba(30,151,232,0.5)&#8221; background__hover_enabled=&#8221;on&#8221; background_color__hover=&#8221;#1e97e8&#8243; border_radii__hover_enabled=&#8221;on&#8221; box_shadow_horizontal__hover_enabled=&#8221;on&#8221; box_shadow_horizontal__hover=&#8221;20px&#8221; border_color_all__hover_enabled=&#8221;on&#8221; border_color_all__hover=&#8221;#1e97e8&#8243;][et_pb_column type=&#8221;4_4&#8243; _builder_version=&#8221;3.0.47&#8243;][et_pb_text _builder_version=&#8221;3.17.2&#8243; text_font=&#8221;Quicksand||||||||&#8221; text_text_color=&#8221;#02426c&#8221; text_font_size=&#8221;15px&#8221; text_line_height=&#8221;2em&#8221; ul_font=&#8221;|700|||||||&#8221; ul_line_height=&#8221;2em&#8221; ol_font=&#8221;||||||||&#8221; header_font=&#8221;||||||||&#8221; header_2_font=&#8221;Josefin Sans|700|||||||&#8221; header_2_text_color=&#8221;#02426c&#8221; header_2_font_size=&#8221;40px&#8221; header_2_font_size_phone=&#8221;24px&#8221; header_2_font_size_last_edited=&#8221;on|tablet&#8221; header_2_line_height=&#8221;1.4em&#8221; header_3_font=&#8221;||||||||&#8221; header_4_font=&#8221;||||||||&#8221; header_5_font=&#8221;||||||||&#8221; header_6_font=&#8221;||||||||&#8221; background_layout=&#8221;dark&#8221; text_text_color__hover_enabled=&#8221;on&#8221; text_text_color__hover=&#8221;#ffffff&#8221; header_2_font_size__hover_enabled=&#8221;on&#8221; header_2_text_color__hover_enabled=&#8221;on&#8221; header_2_text_color__hover=&#8221;#ffffff&#8221; text_letter_spacing__hover_enabled=&#8221;on&#8221; text_letter_spacing__hover=&#8221;0px&#8221; header_2_letter_spacing__hover_enabled=&#8221;on&#8221; header_2_letter_spacing__hover=&#8221;0px&#8221; header_2_font_size__hover=&#8221;40px&#8221;]<\/p>\n<h2>Montagem de Sistema de Exaust\u00e3o.<\/h2>\n<p>Montagens de sistemas de exaust\u00e3o e lavadores de gases para linhas de galvanoplastia em PP ou PVC e substitui\u00e7\u00e3o de dutos v\u00e1lvulas em linhas j\u00e1 existentes.<\/p>\n<p>[\/et_pb_text][et_pb_button button_text=&#8221;Solicitar atendimento Online&#8221; _builder_version=&#8221;3.19.17&#8243; custom_button=&#8221;on&#8221; button_text_size=&#8221;18px&#8221; button_text_color=&#8221;#ffffff&#8221; button_bg_color=&#8221;#1e97e8&#8243; button_border_width=&#8221;10px&#8221; button_border_color=&#8221;#1e97e8&#8243; button_border_radius=&#8221;0px&#8221; button_font=&#8221;Josefin Sans|700|||||||&#8221; button_on_hover=&#8221;off&#8221; custom_margin=&#8221;|||&#8221; button_border_radius_hover=&#8221;0px&#8221; button_text_size__hover_enabled=&#8221;off&#8221; button_one_text_size__hover_enabled=&#8221;off&#8221; button_two_text_size__hover_enabled=&#8221;off&#8221; button_text_color__hover_enabled=&#8221;on&#8221; button_text_color__hover=&#8221;#1e97e8&#8243; button_one_text_color__hover_enabled=&#8221;off&#8221; button_two_text_color__hover_enabled=&#8221;off&#8221; button_border_width__hover_enabled=&#8221;off&#8221; button_one_border_width__hover_enabled=&#8221;off&#8221; button_two_border_width__hover_enabled=&#8221;off&#8221; button_border_color__hover_enabled=&#8221;on&#8221; button_border_color__hover=&#8221;#ffffff&#8221; button_one_border_color__hover_enabled=&#8221;off&#8221; button_two_border_color__hover_enabled=&#8221;off&#8221; button_border_radius__hover_enabled=&#8221;on&#8221; button_border_radius__hover=&#8221;0px&#8221; button_one_border_radius__hover_enabled=&#8221;off&#8221; button_two_border_radius__hover_enabled=&#8221;off&#8221; button_letter_spacing__hover_enabled=&#8221;off&#8221; button_one_letter_spacing__hover_enabled=&#8221;off&#8221; button_two_letter_spacing__hover_enabled=&#8221;off&#8221; button_bg_color__hover_enabled=&#8221;on&#8221; button_bg_color__hover=&#8221;#ffffff&#8221; button_one_bg_color__hover_enabled=&#8221;off&#8221; button_two_bg_color__hover_enabled=&#8221;off&#8221; button_icon_color__hover_enabled=&#8221;on&#8221; button_icon_color__hover=&#8221;#1e97e8&#8243; button_url=&#8221;https:\/\/naipe7.com.br\/orcamento\/&#8221;][\/et_pb_button][\/et_pb_column][\/et_pb_row][\/et_pb_section][et_pb_section fb_built=&#8221;1&#8243; admin_label=&#8221;Services&#8221; _builder_version=&#8221;3.12.2&#8243; custom_padding=&#8221;54px|0px|54px|0px|false|false&#8221;][et_pb_row custom_padding=&#8221;0|0px|0|0px|true|false&#8221; custom_margin=&#8221;||20px|&#8221; make_equal=&#8221;on&#8221; bg_img_2=&#8221;https:\/\/naipe7.com.br\/wp-content\/uploads\/2018\/11\/cleaning-services-12.jpg&#8221; padding_top_bottom_link_1=&#8221;true&#8221; padding_left_right_link_1=&#8221;true&#8221; padding_top_1=&#8221;60px&#8221; padding_right_1=&#8221;5%&#8221; padding_bottom_1=&#8221;60px&#8221; padding_left_1=&#8221;5%&#8221; padding_1_tablet=&#8221;0%||0%||true&#8221; padding_1_phone=&#8221;0%||0%|&#8221; padding_1_last_edited=&#8221;off|desktop&#8221; _builder_version=&#8221;3.17.2&#8243; background_color=&#8221;#ffffff&#8221; background_color_gradient_direction=&#8221;90deg&#8221; border_radii=&#8221;on|5px|5px|5px|5px&#8221; border_width_all=&#8221;2px&#8221; border_color_all=&#8221;#02426c&#8221; box_shadow_style=&#8221;preset4&#8243; box_shadow_horizontal=&#8221;15px&#8221; box_shadow_vertical=&#8221;20px&#8221; box_shadow_color=&#8221;rgba(48,106,255,0.09)&#8221; animation_style=&#8221;slide&#8221; animation_direction=&#8221;left&#8221; animation_intensity_slide=&#8221;2%&#8221; box_shadow_color__hover_enabled=&#8221;on&#8221; box_shadow_color__hover=&#8221;rgba(30,151,232,0.5)&#8221; background__hover_enabled=&#8221;on&#8221; background_color__hover=&#8221;#1e97e8&#8243; border_radii__hover_enabled=&#8221;on&#8221; box_shadow_horizontal__hover_enabled=&#8221;on&#8221; box_shadow_horizontal__hover=&#8221;20px&#8221; border_color_all__hover_enabled=&#8221;on&#8221; border_color_all__hover=&#8221;#1e97e8&#8243;][et_pb_column type=&#8221;4_4&#8243; _builder_version=&#8221;3.0.47&#8243;][et_pb_text _builder_version=&#8221;3.17.2&#8243; text_font=&#8221;Quicksand||||||||&#8221; text_text_color=&#8221;#02426c&#8221; text_font_size=&#8221;15px&#8221; text_line_height=&#8221;2em&#8221; ul_font=&#8221;|700|||||||&#8221; ul_line_height=&#8221;2em&#8221; ol_font=&#8221;||||||||&#8221; header_font=&#8221;||||||||&#8221; header_2_font=&#8221;Josefin Sans|700|||||||&#8221; header_2_text_color=&#8221;#02426c&#8221; header_2_font_size=&#8221;40px&#8221; header_2_font_size_phone=&#8221;24px&#8221; header_2_font_size_last_edited=&#8221;on|tablet&#8221; header_2_line_height=&#8221;1.4em&#8221; header_3_font=&#8221;||||||||&#8221; header_4_font=&#8221;||||||||&#8221; header_5_font=&#8221;||||||||&#8221; header_6_font=&#8221;||||||||&#8221; background_layout=&#8221;dark&#8221; text_text_color__hover_enabled=&#8221;on&#8221; text_text_color__hover=&#8221;#ffffff&#8221; header_2_font_size__hover_enabled=&#8221;on&#8221; header_2_text_color__hover_enabled=&#8221;on&#8221; header_2_text_color__hover=&#8221;#ffffff&#8221; text_letter_spacing__hover_enabled=&#8221;on&#8221; text_letter_spacing__hover=&#8221;0px&#8221; header_2_letter_spacing__hover_enabled=&#8221;on&#8221; header_2_letter_spacing__hover=&#8221;0px&#8221; header_2_font_size__hover=&#8221;40px&#8221;]<\/p>\n<h2>Montagem de Rede Hidr\u00e1ulica<\/h2>\n<p>Projeto e execu\u00e7\u00e3o de redes hidr\u00e1ulicas em Pead, PP e PVC.<\/p>\n<p>[\/et_pb_text][et_pb_button button_text=&#8221;Solicitar Or\u00e7amento Online&#8221; _builder_version=&#8221;3.19.17&#8243; custom_button=&#8221;on&#8221; button_text_size=&#8221;18px&#8221; button_text_color=&#8221;#ffffff&#8221; button_bg_color=&#8221;#1e97e8&#8243; button_border_width=&#8221;10px&#8221; button_border_color=&#8221;#1e97e8&#8243; button_border_radius=&#8221;0px&#8221; button_font=&#8221;Josefin Sans|700|||||||&#8221; button_on_hover=&#8221;off&#8221; custom_margin=&#8221;|||&#8221; button_border_radius_hover=&#8221;0px&#8221; button_text_size__hover_enabled=&#8221;off&#8221; button_one_text_size__hover_enabled=&#8221;off&#8221; button_two_text_size__hover_enabled=&#8221;off&#8221; button_text_color__hover_enabled=&#8221;on&#8221; button_text_color__hover=&#8221;#1e97e8&#8243; button_one_text_color__hover_enabled=&#8221;off&#8221; button_two_text_color__hover_enabled=&#8221;off&#8221; button_border_width__hover_enabled=&#8221;off&#8221; button_one_border_width__hover_enabled=&#8221;off&#8221; button_two_border_width__hover_enabled=&#8221;off&#8221; button_border_color__hover_enabled=&#8221;on&#8221; button_border_color__hover=&#8221;#ffffff&#8221; button_one_border_color__hover_enabled=&#8221;off&#8221; button_two_border_color__hover_enabled=&#8221;off&#8221; button_border_radius__hover_enabled=&#8221;on&#8221; button_border_radius__hover=&#8221;0px&#8221; button_one_border_radius__hover_enabled=&#8221;off&#8221; button_two_border_radius__hover_enabled=&#8221;off&#8221; button_letter_spacing__hover_enabled=&#8221;off&#8221; button_one_letter_spacing__hover_enabled=&#8221;off&#8221; button_two_letter_spacing__hover_enabled=&#8221;off&#8221; button_bg_color__hover_enabled=&#8221;on&#8221; button_bg_color__hover=&#8221;#ffffff&#8221; button_one_bg_color__hover_enabled=&#8221;off&#8221; button_two_bg_color__hover_enabled=&#8221;off&#8221; button_icon_color__hover_enabled=&#8221;on&#8221; button_icon_color__hover=&#8221;#1e97e8&#8243; button_url=&#8221;https:\/\/naipe7.com.br\/orcamento\/&#8221;][\/et_pb_button][\/et_pb_column][\/et_pb_row][\/et_pb_section][et_pb_section fb_built=&#8221;1&#8243; admin_label=&#8221;Services&#8221; _builder_version=&#8221;3.12.2&#8243; custom_padding=&#8221;54px|0px|54px|0px|false|false&#8221;][et_pb_row custom_padding=&#8221;0|0px|0|0px|true|false&#8221; custom_margin=&#8221;||20px|&#8221; make_equal=&#8221;on&#8221; bg_img_2=&#8221;https:\/\/naipe7.com.br\/wp-content\/uploads\/2018\/11\/cleaning-services-12.jpg&#8221; padding_top_bottom_link_1=&#8221;true&#8221; padding_left_right_link_1=&#8221;true&#8221; padding_top_1=&#8221;60px&#8221; padding_right_1=&#8221;5%&#8221; padding_bottom_1=&#8221;60px&#8221; padding_left_1=&#8221;5%&#8221; padding_1_tablet=&#8221;0%||0%||true&#8221; padding_1_phone=&#8221;0%||0%|&#8221; padding_1_last_edited=&#8221;off|desktop&#8221; _builder_version=&#8221;3.17.2&#8243; background_color=&#8221;#ffffff&#8221; background_color_gradient_direction=&#8221;90deg&#8221; border_radii=&#8221;on|5px|5px|5px|5px&#8221; border_width_all=&#8221;2px&#8221; border_color_all=&#8221;#02426c&#8221; box_shadow_style=&#8221;preset4&#8243; box_shadow_horizontal=&#8221;15px&#8221; box_shadow_vertical=&#8221;20px&#8221; box_shadow_color=&#8221;rgba(48,106,255,0.09)&#8221; animation_style=&#8221;slide&#8221; animation_direction=&#8221;left&#8221; animation_intensity_slide=&#8221;2%&#8221; box_shadow_color__hover_enabled=&#8221;on&#8221; box_shadow_color__hover=&#8221;rgba(30,151,232,0.5)&#8221; background__hover_enabled=&#8221;on&#8221; background_color__hover=&#8221;#1e97e8&#8243; border_radii__hover_enabled=&#8221;on&#8221; box_shadow_horizontal__hover_enabled=&#8221;on&#8221; box_shadow_horizontal__hover=&#8221;20px&#8221; border_color_all__hover_enabled=&#8221;on&#8221; border_color_all__hover=&#8221;#1e97e8&#8243;][et_pb_column type=&#8221;4_4&#8243; _builder_version=&#8221;3.0.47&#8243;][et_pb_text _builder_version=&#8221;3.17.2&#8243; text_font=&#8221;Quicksand||||||||&#8221; text_text_color=&#8221;#02426c&#8221; text_font_size=&#8221;15px&#8221; text_line_height=&#8221;2em&#8221; ul_font=&#8221;|700|||||||&#8221; ul_line_height=&#8221;2em&#8221; ol_font=&#8221;||||||||&#8221; header_font=&#8221;||||||||&#8221; header_2_font=&#8221;Josefin Sans|700|||||||&#8221; header_2_text_color=&#8221;#02426c&#8221; header_2_font_size=&#8221;40px&#8221; header_2_font_size_phone=&#8221;24px&#8221; header_2_font_size_last_edited=&#8221;on|tablet&#8221; header_2_line_height=&#8221;1.4em&#8221; header_3_font=&#8221;||||||||&#8221; header_4_font=&#8221;||||||||&#8221; header_5_font=&#8221;||||||||&#8221; header_6_font=&#8221;||||||||&#8221; background_layout=&#8221;dark&#8221; text_text_color__hover_enabled=&#8221;on&#8221; text_text_color__hover=&#8221;#ffffff&#8221; header_2_font_size__hover_enabled=&#8221;on&#8221; header_2_text_color__hover_enabled=&#8221;on&#8221; header_2_text_color__hover=&#8221;#ffffff&#8221; text_letter_spacing__hover_enabled=&#8221;on&#8221; text_letter_spacing__hover=&#8221;0px&#8221; header_2_letter_spacing__hover_enabled=&#8221;on&#8221; header_2_letter_spacing__hover=&#8221;0px&#8221; header_2_font_size__hover=&#8221;40px&#8221;]<\/p>\n<h2>Manuten\u00e7\u00e3o Preventiva\/Corretiva em sistemas de lavador de gases e tratamento de efluentes.<\/h2>\n<p>Realizamos manuten\u00e7\u00f5es preventivas e corretivas em diversos modelos de Lavadores de gases: Substitui\u00e7\u00e3o de pe\u00e7as; Manuten\u00e7\u00e3o dos exaustores; Trocas de guarni\u00e7\u00f5es.<\/p>\n<p>[\/et_pb_text][et_pb_button button_text=&#8221;Solicitar Or\u00e7amento Online&#8221; _builder_version=&#8221;3.19.17&#8243; custom_button=&#8221;on&#8221; button_text_size=&#8221;18px&#8221; button_text_color=&#8221;#ffffff&#8221; button_bg_color=&#8221;#1e97e8&#8243; button_border_width=&#8221;10px&#8221; button_border_color=&#8221;#1e97e8&#8243; button_border_radius=&#8221;0px&#8221; button_font=&#8221;Josefin Sans|700|||||||&#8221; button_on_hover=&#8221;off&#8221; custom_margin=&#8221;|||&#8221; button_border_radius_hover=&#8221;0px&#8221; button_text_size__hover_enabled=&#8221;off&#8221; button_one_text_size__hover_enabled=&#8221;off&#8221; button_two_text_size__hover_enabled=&#8221;off&#8221; button_text_color__hover_enabled=&#8221;on&#8221; button_text_color__hover=&#8221;#1e97e8&#8243; button_one_text_color__hover_enabled=&#8221;off&#8221; button_two_text_color__hover_enabled=&#8221;off&#8221; button_border_width__hover_enabled=&#8221;off&#8221; button_one_border_width__hover_enabled=&#8221;off&#8221; button_two_border_width__hover_enabled=&#8221;off&#8221; button_border_color__hover_enabled=&#8221;on&#8221; button_border_color__hover=&#8221;#ffffff&#8221; button_one_border_color__hover_enabled=&#8221;off&#8221; button_two_border_color__hover_enabled=&#8221;off&#8221; button_border_radius__hover_enabled=&#8221;on&#8221; button_border_radius__hover=&#8221;0px&#8221; button_one_border_radius__hover_enabled=&#8221;off&#8221; button_two_border_radius__hover_enabled=&#8221;off&#8221; button_letter_spacing__hover_enabled=&#8221;off&#8221; button_one_letter_spacing__hover_enabled=&#8221;off&#8221; button_two_letter_spacing__hover_enabled=&#8221;off&#8221; button_bg_color__hover_enabled=&#8221;on&#8221; button_bg_color__hover=&#8221;#ffffff&#8221; button_one_bg_color__hover_enabled=&#8221;off&#8221; button_two_bg_color__hover_enabled=&#8221;off&#8221; button_icon_color__hover_enabled=&#8221;on&#8221; button_icon_color__hover=&#8221;#1e97e8&#8243; button_url=&#8221;https:\/\/naipe7.com.br\/orcamento\/&#8221;][\/et_pb_button][\/et_pb_column][\/et_pb_row][\/et_pb_section][et_pb_section fb_built=&#8221;1&#8243; admin_label=&#8221;Footer&#8221; _builder_version=&#8221;3.17.2&#8243; use_background_color_gradient=&#8221;on&#8221; background_color_gradient_start=&#8221;#1678b7&#8243; background_color_gradient_end=&#8221;#1e97e8&#8243; background_color_gradient_direction=&#8221;90deg&#8221; border_radii=&#8221;on|6px|6px|6px|6px&#8221; box_shadow_style=&#8221;preset1&#8243; box_shadow_horizontal=&#8221;18px&#8221; box_shadow_vertical=&#8221;-21px&#8221; box_shadow_blur=&#8221;4px&#8221; box_shadow_color=&#8221;rgba(48,106,255,0.16)&#8221; max_width_tablet=&#8221;90%&#8221; max_width_phone=&#8221;100%&#8221; max_width_last_edited=&#8221;on|phone&#8221; module_alignment=&#8221;right&#8221; custom_margin=&#8221;|||&#8221; custom_margin_last_edited=&#8221;off|desktop&#8221; custom_padding=&#8221;25px|0px|54px|0px|false|false&#8221; animation_style=&#8221;slide&#8221; animation_direction=&#8221;right&#8221; animation_intensity_slide=&#8221;5%&#8221; global_module=&#8221;175&#8243; saved_tabs=&#8221;all&#8221;][et_pb_row _builder_version=&#8221;3.12.2&#8243;][et_pb_column type=&#8221;4_4&#8243; _builder_version=&#8221;3.0.47&#8243;][et_pb_cta title=&#8221;(11) 2335-2410&#8243; button_url=&#8221;https:\/\/naipe7.com.br\/orcamento\/&#8221; button_text=&#8221;Or\u00e7amento Online&#8221; _builder_version=&#8221;3.19.17&#8243; header_level=&#8221;h4&#8243; header_font=&#8221;Ubuntu|700|||||||&#8221; header_font_size=&#8221;40px&#8221; header_font_size_phone=&#8221;24px&#8221; header_font_size_last_edited=&#8221;on|phone&#8221; header_line_height=&#8221;1.4em&#8221; body_font=&#8221;Quicksand|700|||||||&#8221; body_font_size=&#8221;22px&#8221; body_line_height=&#8221;1.5em&#8221; background_color=&#8221;rgba(126,190,197,0)&#8221; custom_button=&#8221;on&#8221; button_text_size=&#8221;18px&#8221; button_text_color=&#8221;#1e97e8&#8243; button_bg_color=&#8221;#ffffff&#8221; button_border_width=&#8221;10px&#8221; button_border_color=&#8221;#ffffff&#8221; button_border_radius=&#8221;0px&#8221; button_font=&#8221;Josefin Sans|700|||||||&#8221; button_border_radius_hover=&#8221;0px&#8221; button_text_size__hover_enabled=&#8221;off&#8221; button_one_text_size__hover_enabled=&#8221;off&#8221; button_two_text_size__hover_enabled=&#8221;off&#8221; button_text_color__hover_enabled=&#8221;off&#8221; button_one_text_color__hover_enabled=&#8221;off&#8221; button_two_text_color__hover_enabled=&#8221;off&#8221; button_border_width__hover_enabled=&#8221;off&#8221; button_one_border_width__hover_enabled=&#8221;off&#8221; button_two_border_width__hover_enabled=&#8221;off&#8221; button_border_color__hover_enabled=&#8221;off&#8221; button_one_border_color__hover_enabled=&#8221;off&#8221; button_two_border_color__hover_enabled=&#8221;off&#8221; button_border_radius__hover_enabled=&#8221;on&#8221; button_border_radius__hover=&#8221;0px&#8221; button_one_border_radius__hover_enabled=&#8221;off&#8221; button_two_border_radius__hover_enabled=&#8221;off&#8221; button_letter_spacing__hover_enabled=&#8221;off&#8221; button_one_letter_spacing__hover_enabled=&#8221;off&#8221; button_two_letter_spacing__hover_enabled=&#8221;off&#8221; button_bg_color__hover_enabled=&#8221;off&#8221; button_one_bg_color__hover_enabled=&#8221;off&#8221; button_two_bg_color__hover_enabled=&#8221;off&#8221;]<\/p>\n<p>Entre em contato para conhecer todos os nossos produtos e servi\u00e7os.<\/p>\n<p>[\/et_pb_cta][\/et_pb_column][\/et_pb_row][\/et_pb_section]<\/p>\n","protected":false},"excerpt":{"rendered":"<p>[et_pb_section fb_built=&#8221;1&#8243; fullwidth=&#8221;on&#8221; admin_label=&#8221;Header&#8221; _builder_version=&#8221;3.17.2&#8243; background_image=&#8221;https:\/\/naipe7.com.br\/wp-content\/uploads\/2018\/11\/pexels-photo-415945.jpeg&#8221; parallax=&#8221;on&#8221; custom_margin=&#8221;|||&#8221; custom_padding=&#8221;|||&#8221;][et_pb_fullwidth_header title=&#8221;Nossos Servi\u00e7os&#8221; button_one_text=&#8221;Solicitar Or\u00e7amento Online &#8221; button_one_url=&#8221;https:\/\/naipe7.com.br\/orcamento\/&#8221; button_two_url=&#8221;#&#8221; scroll_down_icon_size_last_edited=&#8221;on|phone&#8221; _builder_version=&#8221;3.19.17&#8243; title_font=&#8221;Josefin Sans|700|||||||&#8221; title_text_color=&#8221;#ffffff&#8221; title_font_size=&#8221;50px&#8221; title_font_size_tablet=&#8221;35px&#8221; title_font_size_phone=&#8221;25px&#8221; title_font_size_last_edited=&#8221;on|phone&#8221; title_line_height=&#8221;1.2em&#8221; content_font=&#8221;Quicksand|600|||||||&#8221; content_text_color=&#8221;#ffffff&#8221; content_font_size=&#8221;18px&#8221; content_font_size_tablet=&#8221;16px&#8221; content_font_size_phone=&#8221;14px&#8221; content_font_size_last_edited=&#8221;on|phone&#8221; content_line_height=&#8221;2em&#8221; background_color=&#8221;rgba(255,255,255,0)&#8221; use_background_color_gradient=&#8221;on&#8221; background_color_gradient_start=&#8221;rgba(30,151,232,0.96)&#8221; background_color_gradient_end=&#8221;rgba(30,151,232,0.82)&#8221; background_color_gradient_type=&#8221;radial&#8221; background_color_gradient_direction_radial=&#8221;right&#8221; background_color_gradient_end_position=&#8221;70%&#8221; custom_button_two=&#8221;on&#8221; button_two_text_size=&#8221;18px&#8221; button_two_text_color=&#8221;#ffffff&#8221; button_two_bg_color=&#8221;#557df3&#8243; button_two_border_width=&#8221;10px&#8221; button_two_border_color=&#8221;#557df3&#8243; button_two_border_radius=&#8221;0px&#8221; button_two_font=&#8221;Ubuntu|700|||||||&#8221; custom_button_one=&#8221;on&#8221; button_one_text_size=&#8221;18px&#8221; button_one_text_color=&#8221;#ffffff&#8221; button_one_bg_color=&#8221;#02426c&#8221; button_one_bg_color_gradient_start=&#8221;#f2835a&#8221; button_one_bg_color_gradient_end=&#8221;#fab993&#8243; [&hellip;]<\/p>\n","protected":false},"author":1,"featured_media":0,"parent":0,"menu_order":0,"comment_status":"closed","ping_status":"closed","template":"","meta":{"_et_pb_use_builder":"on","_et_pb_old_content":"","footnotes":""},"class_list":["post-200","page","type-page","status-publish","hentry"],"_links":{"self":[{"href":"https:\/\/naipe7.com.br\/index.php?rest_route=\/wp\/v2\/pages\/200","targetHints":{"allow":["GET"]}}],"collection":[{"href":"https:\/\/naipe7.com.br\/index.php?rest_route=\/wp\/v2\/pages"}],"about":[{"href":"https:\/\/naipe7.com.br\/index.php?rest_route=\/wp\/v2\/types\/page"}],"author":[{"embeddable":true,"href":"https:\/\/naipe7.com.br\/index.php?rest_route=\/wp\/v2\/users\/1"}],"replies":[{"embeddable":true,"href":"https:\/\/naipe7.com.br\/index.php?rest_route=%2Fwp%2Fv2%2Fcomments&post=200"}],"version-history":[{"count":23,"href":"https:\/\/naipe7.com.br\/index.php?rest_route=\/wp\/v2\/pages\/200\/revisions"}],"predecessor-version":[{"id":445,"href":"https:\/\/naipe7.com.br\/index.php?rest_route=\/wp\/v2\/pages\/200\/revisions\/445"}],"wp:attachment":[{"href":"https:\/\/naipe7.com.br\/index.php?rest_route=%2Fwp%2Fv2%2Fmedia&parent=200"}],"curies":[{"name":"wp","href":"https:\/\/api.w.org\/{rel}","templated":true}]}}